*2 + 3*u - 4. Let q(j) = -53*j**2 - 8*j + 11. Let t(m) = 11*b(m) + 4*q(m). Calculate t(1).
-13
Let m = -78 - -79. Let d(i) = 30*i**2 - i. Determine d(m).
29
Let s = -2 - -6. Suppose i + 27 = -3*y, 0*i - 56 = s*i - y. Let r = -11 - i. Let k(q) = -q**2 + 2*q - 2. Determine k(r).
-10
Let j(u) = -4*u - 1. Suppose -3*g + 4*b = -14, 0 = 2*g - 3*b - 10 - 0. Determine j(g).
-9
Let u be (-9)/(-7) - (-2)/(-7). Suppose 3*b + u = 2*b. Let v(g) = 6*g**2 + 2*g + 1. Give v(b).
5
Suppose 0 = -3*y + 6, -5*y = -0*w + 2*w - 2. Let h(k) = k**3 + 4*k**2 + 4*k. Calculate h(w).
-16
Let q(x) = -x + x**2 - 3 + x**2 - x**2. Let y(i) = i**3 + 4*i**2. Let u be y(-4). Give q(u).
-3
Suppose 0 = g - 3 + 1. Let m(t) = t**2 + 3*t + 1. Let a be m(-3). Let f(h) = 0 - a - g*h - 1. Give f(-2).
2
Let l(z) = -9*z + 45. Let d = 95 - 50. Let k(r) = 1. Let m(v) = d*k(v) - l(v). Suppose g = 3*g - 5*h - 3, -3*h - 6 = 3*g. Calculate m(g).
-9
Let p(q) be the third derivative of q**7/840 - q**6/60 + q**5/24 + q**4/6 + 5*q**3/6 + q**2. Let o(i) be the first derivative of p(i). What is o(4)?
-8
Let s(o) be the first derivative of o**4/4 + 7*o**3/3 + 7*o**2/2 + 9. Give s(-5).
15
Suppose 3*u - 4 = 2, -8 = 4*v + 2*u. Let k(m) = 4*m**3 - m**2 - 21*m + 21. Let d(w) = w**3 - 5*w + 5. Let n(j) = -9*d(j) + 2*k(j). Give n(v).
-3
Let h(d) = d. Let p(s) = -s + 1. Let g(z) = -2*h(z) - p(z). Let x = 23 - 13. Suppose 0 = -2*k - 0*k + x. Give g(k).
-6
Let o(s) = s**3 + 5*s**2 - 6*s + 7. Suppose -48 = -j - 3*j + 4*w, 5*w = 3*j - 38. Let x = 5 - j. What is o(x)?
7
Suppose 5*f - 5 = 5. Let b(x) = 0*x - 2*x + 5*x + x**f + 0 - 7. Calculate b(-5).
3
Let a(x) = x**3 + 3*x**2 - x + 2. Suppose c - 4*z + 40 = 5*c, -4*c - z = -25. Suppose 17 = -c*p - 3. Determine a(p).
-10
Let w(y) = -2*y**3 - 6*y**2 + 10. Let q(x) = -x**3 - x + 1. Let v(a) = 3*q(a) - w(a). Let u = -164 - -169. Determine v(u).
3
Let a = 2 + 0. Suppose -a*o = -3*o + 2. Let d(t) = -4*t**o - 2*t + 3*t**2 + t - 1. Determine d(-2).
-3
Let u(k) = -2*k + 8. Let r be u(7). Let o(i) = -3*i - 3 + i**3 - 2*i + 6*i + 6*i**2. Determine o(r).
-9
Let l(f) be the third derivative of -f**4/8 - f**3/3 + 2*f**2. Let j be l(-2). Let r(n) = 3*n - 5 - j*n + 0*n. Give r(-5).
0
Let i(o) = o**2 + 3*o + 4. Suppose 1 = -2*h - 5. What is i(h)?
4
Let u(w) = w**3 + w**2 - w - 4. Suppose d - 3*i = 6, 0 = 4*d - d - 4*i - 13. Let m = d - -1. Suppose -m*g = -0*g. Give u(g).
-4
Suppose 0 = 2*v - 2. Let p(k) = 0 + 5 - 4 + 8*k. Calculate p(v).
9
Let p(q) = -8*q**2 + 8*q + 16. Let l(i) = 7*i**2 - 7*i - 15. Let b(v) = -7*l(v) - 6*p(v). Let n be (0 + 0)/(8 - 6). Give b(n).
9
Let a(j) = j**2 - 6*j + 4. Suppose 11*z - 10 = 9*z. Suppose -b = -z*f - 29, -33 = -2*b + 6*f - f. Calculate a(b).
-4
Let s(o) = -o**2 - o + 1. Let k(p) = -6*p**2 - 10*p - 1. Let x(i) = k(i) - 5*s(i). Determine x(-6).
-12
Let x(u) be the third derivative of u**5/120 - u**4/6 + u**3/2 - u**2. Let a(i) be the first derivative of x(i). Give a(5).
1
Let t(u) = u**2 - 5*u + 3. Let g(i) = -6*i**2 + 25*i - 14. Let o(p) = -2*g(p) - 11*t(p). Calculate o(-6).
1
Let d(s) = s**3 + 7*s**2 + 7*s + 4. Suppose 5*m = -5*a + 15, -12 = a + 4*m - 0*m. Suppose 7*x = a*x + 6. Give d(x).
-2
Suppose -3 + 0 = -3*a. Let v(f) = -f**3 + 5*f**2 + 7*f - 4. Let o be v(6). Let c(k) = -2*k**3 + o - 4*k**2 + 3 - 4 + 3*k**2. Give c(a).
-2
Let r(s) = -12*s**3 - 8*s - 3 + 2*s**3 - 7*s**2 - 3 + 9*s**3. What is r(-6)?
6
Let p(k) = k**2 - 1. Let r(i) = i**3 - 6*i**2 - 8*i + 7. Let t be r(7). Calculate p(t).
-1
Let j(r) be the second derivative of -r**4/12 + r**3/2 - 5*r**2/2 + 3*r. Let h(y) be the first derivative of j(y). What is h(5)?
-7
Let r(b) = -3*b**2 + 3*b**3 - 4*b**3 + b**2 + 7*b**2. Suppose -4*k - 22 = -6*k + 4*s, -5*k = -3*s - 34. Determine r(k).
0
Suppose 0 = -0*a + 2*a. Let d(h) = -7*h - 2*h**2 + h + a*h**2 + 0*h**2. Give d(-4).
-8
Let y(o) = 2*o**3 + 4*o**2 - o + 3. Let j(l) = -l. Let a(t) = -5*j(t) + y(t). Give a(-2).
-5
Let y(h) = 6*h + 1. Let c be y(-1). Let z(l) = -2*l - 4. Let n(s) = 3*s + 9. Let d(k) = 3*n(k) + 5*z(k). What is d(c)?
12
Let u(j) = -5*j**3 + j**2 - 1. Let k be -3 + (-1 - 3)*-1. Determine u(k).
-5
Let a(d) = 2*d**2 - 2*d - 3. Let z(w) = 3*w**2 - 2*w - 4. Suppose g = 3 + 1. Let x(v) = g*a(v) - 3*z(v). Determine x(-2).
0
Suppose z - 5*n = -22, 2*n = -2*z + n + 11. Let h(c) = -3*c + 0*c**2 + 6*c**2 + 3*c**z - 4*c**3 + 1 + 0*c. Let t be 2/(4/(-30)*-3). Determine h(t).
11
Let u(n) = n**3 - 10*n**2 - 1. Let v = 28 - 18. Calculate u(v).
-1
Let k(u) be the first derivative of -u**4/4 + u**3 + 3*u**2/2 - 2*u + 1. Suppose m + p - 2 = 0, 5*m + 3*p + 0*p - 14 = 0. Give k(m).
-6
Let n be ((-2)/5)/((-1)/10). Let y(x) = x - 4. Give y(n).
0
Suppose 0 = -4*x + 39 - 43. Let o(l) be the third derivative of 3*l**6/40 - l**4/24 + l**2. Give o(x).
-8
Let w be (2*4)/(2 + 0). Suppose -w*z + 8 = b, 3*z - 5*b - 29 = -0*b. Let o(a) = -14*a + 7. Let s(x) = -7*x + 4. Let m(i) = z*o(i) - 5*s(i). Give m(1).
-6
Suppose 5*r - 3*p - 25 = 0, 0*r - 2*r + 5*p = -10. Let t(b) = 2*b**2 + 0*b**2 + 3 - b**2 - 8*b. Calculate t(r).
-12
Let a(y) = 6*y**2 - 5 - 9*y**3 + 2*y + 0*y + 10*y**3 - 8*y. Calculate a(-6).
31
Let v(j) = 5*j**2 + 7*j - 4. Let q(o) = 11*o**2 - 3 + 1 + 7*o - 7 + 8*o. Let m(y) = 6*q(y) - 13*v(y). Calculate m(2).
0
Let r(f) = -2*f**2 + f - 7. Let q be 1 + (9/3 - 3). Let p(o) = -o**2 - 1. Let u(y) = q*r(y) - 3*p(y). Determine u(-3).
2
Let g be ((-2)/(-5))/((-3)/(-15)). Let b(q) = 0*q**3 + 5*q - g - 5*q - q**3 - q**2. What is b(-2)?
2
Let k(t) = -t**2 + 5*t + 2. Let h be k(5). Let c = -3 - -5. Let r(a) = 4*a - 3. Let d(z) = 5*z - 3. Let o(v) = c*d(v) - 3*r(v). Give o(h).
-1
Let n be -12*(6/(-9) + 1). Let a(u) = -u**2 - 3*u - 2. Determine a(n).
-6
Let y(d) be the first derivative of -d**4/4 + 5*d**3/3 - 5*d**2/2 - 4*d - 2. Let r = -13 - -25. Let c = r + -8. Determine y(c).
-8
Suppose -2 - 10 = 4*j. Let f(l) = l**2 + 2*l + 7 - 4 - 1. Determine f(j).
5
Suppose 25 = 5*b - 0*f - 5*f, -2*b = -f - 8. Let d(c) = -c**3 + 3*c**2 - c. Give d(b).
-3
Let u(c) = -c**3 - 5*c**2 - 2*c - 3. Let r = 9 + -14. Determine u(r).
7
Let u be (1 - 13)*(-9)/18. Let l(f) = u*f - 3*f + 2 - 4*f - 2*f. What is l(-2)?
8
Let x(k) = 5 + 3*k - 2*k + 0*k - 11. Let u(l) = l**3 - 7*l**2 - 8*l - 5. Let o be u(8). Give x(o).
-11
Let o(w) = -w + 2. Let v(k) = -k. Let l be v(-6). Calculate o(l).
-4
Suppose -3*u - n + 2*n = -19, n = 5*u - 29. Let q(a) = -a**3 - 7*a**2 - 3*a + 6. Let g(v) = -3*v**3 - 15*v**2 - 6*v + 12. Let d(j) = 2*g(j) - 5*q(j). Give d(u).
9
Let d(y) = -y**2 + 10. Let j be (4 - 3) + (-1 - 1). Let m be 1*((-3)/j + -3). Suppose -4*x + 7*x = m. Calculate d(x).
10
Let j(y) = -y**3 - 6*y**2 + 3*y + 2. Suppose -12 = u + u. Give j(u).
-16
Let i be -2 - (27*2)/(-2). Suppose -3*d = -2*d - x - 19, 4*x = d - i. Suppose 3*u = b + 19, 0 = 2*u + 7 - d. Let j(c) = c**2 + 5*c - 2. Calculate j(b).
-6
Let w(g) = -g**3 - 13*g**2 + g + 13. Let j be w(-13). Let n(u) = 3 + j - 2*u - u**3 - 5*u**2 - 2 + 2. Calculate n(-3).
-9
Let p(z) = z**2 + 10*z + 10. Let s be p(-8). Let d(i) = -3 - 4*i**2 + 3*i**2 + 4. Let h(c) = -7*c**2 - 3*c + 6. Let f(l) = s*d(l) + h(l). Give f(-3).
0
Let w(d) be the second derivative of 7/3*d**3 - 1/2*d**2 + 0 + 7*d. Give w(-1).
-15
Let h(t) = 9*t**2 - 2*t + 1. Let z(i) = 3*i + 1. Let b(y) = -2*y - 1. Let g(x) = -4*b(x) - 3*z(x). Let p be g(0). What is h(p)?
8
Let y(d) = -2*d - 1 + 3 - 2 + 2. Give y(-5).
12
Let w(t) be the second derivative of -t**5/20 - t**2 - 2*t. Let m(h) be the first derivative of w(h). Let a = 29 + -28. Give m(a).
-3
Let x be 3*(4 + (3 - 6)). Let a(g) = -5*g**2 + 86*g - 2*g**3 + x*g**3 - 84*g + 5. Calculate a(4).
-3
Let k(m) = -3*m + 4. Let t be k(3). Let h(s) = -s**3 - 6*s**2 - 2*s + 4. Calculate h(t).
-11
Suppose 20 = -2*u + 4*u. Let g = -8 + u. Let q(p) = -p**3 + 3*p**2 + 1. Calculate q(g).
5
Let s = 3 - 5. Let c(o) be the second derivative of -o**2 + 2*o - 1/6*o**4 + 0 - 2/3*o**3. Give c(s).
-2
Let z = 5 + 0. Suppose 4*j + 0*j - c - 17 = 0, j - z*c - 28 = 0. Let f(p) be the second derivative of -p**3/6 + 2*p**2 + 9*p. What is f(j)?
1
Let l(v) = v**2 + 2*v - 1. Let h(b) = 3*b - 2. Let s(k) = -7*k + 4. Let w(m) = -5*h(m) - 2*s(m). Let n be w(5). Determine l(n).
2
Let c(a) be the first derivative of 4/3*a**3 - 1/24*a**4 + 0*a - 1/120*a**5 + 0*a**2 